and 172?
43
Calculate the greatest common factor of 3466 and 14075.
1
Calculate the greatest common divisor of 89096 and 34622.
14
Calculate the greatest common divisor of 30 and 300747270.
30
Calculate the greatest common divisor of 980 and 3323180.
980
Calculate the greatest common factor of 227239882 and 5887.
841
What is the highest common divisor of 64716 and 78?
6
Calculate the highest common factor of 154688289 and 21.
21
Calculate the greatest common divisor of 90073257 and 2.
1
Calculate the highest common factor of 1047443 and 2.
1
Calculate the highest common factor of 8128370 and 82770.
890
What is the greatest common divisor of 420 and 555980?
20
Calculate the greatest common divisor of 16443 and 2779.
7
What is the highest common factor of 36 and 1372474560?
12
Calculate the greatest common factor of 119529501 and 273.
273
What is the highest common divisor of 216015013 and 458?
229
What is the greatest common factor of 9796 and 27227734?
62
Calculate the greatest common factor of 2169724 and 1539.
19
Calculate the highest common factor of 693620730 and 66.
66
Calculate the greatest common factor of 1777095 and 465750.
1035
Calculate the greatest common factor of 27388 and 437552.
164
What is the greatest common divisor of 24466750 and 1848?
154
What is the greatest common divisor of 226 and 139555791?
113
Calculate the greatest common factor of 4725 and 17393985.
315
What is the highest common divisor of 2107628 and 1612?
124
Calculate the highest common factor of 2969119 and 4427.
233
What is the greatest common factor of 22945 and 1404299?
13
What is the highest common divisor of 65876692 and 345?
23
Calculate the greatest common divisor of 829404 and 53388.
36
Calculate the highest common divisor of 49984 and 431552.
704
Calculate the greatest common divisor of 3321668 and 33271.
679
Calculate the greatest common divisor of 33 and 296303062.
11
Calculate the highest common divisor of 495 and 4610760.
165
Calculate the highest common factor of 14504 and 1060605.
1813
Calculate the highest common divisor of 1414840 and 24955.
1085
Calculate the highest common divisor of 12626573 and 244.
61
Calculate the highest common factor of 249581398 and 22.
22
Calculate the highest common factor of 1384392 and 1178376.
888
What is the greatest common divisor of 27698987 and 29143?
151
What is the greatest common factor of 7764924 and 638?
58
Calculate the greatest common factor of 96 and 852128.
32
What is the greatest common factor of 6944104 and 557176?
2168
What is the greatest common factor of 6284180 and 56?
28
What is the greatest common factor of 9267528 and 206?
206
Calculate the highest common factor of 19744831 and 8327.
757
Calculate the greatest common divisor of 18228 and 48118.
98
Calculate the highest common factor of 36835 and 355840.
695
What is the highest common divisor of 182 and 17469634?
182
What is the highest common factor of 2567733408 and 144?
144
What is the highest common factor of 48928 and 21920?
32
Calculate the greatest common factor of 10754 and 74176.
38
Calculate the highest common factor of 601746680 and 1328.
664
Calculate the greatest common factor of 3162 and 4487082.
102
Calculate the highest common divisor of 126 and 9585982.
14
Calculate the highest common divisor of 315 and 14629377.
21
What is the highest common divisor of 601 and 3937151?
601
What is the highest common divisor of 18108903 and 1?
1
Calculate the greatest common divisor of 96 and 5380440.
24
Calculate the greatest common factor of 116 and 167576.
4
What is the highest common divisor of 889948 and 2356?
124
What is the greatest common divisor of 5773574 and 272?
34
What is the greatest common factor of 15756671 and 357?
119
What is the greatest common divisor of 279730 and 28490?
110
What is the highest common factor of 861610 and 360?
10
What is the highest common factor of 91442 and 170326?
26
What is the highest common divisor of 884654 and 10?
2
Calculate the greatest common divisor of 47360 and 1176320.
1280
Calculate the greatest common factor of 30381 and 435338943.
1599
What is the highest common divisor of 78744 and 147696?
408
What is the highest common divisor of 7 and 147427?
7
Calculate the greatest common factor of 18216 and 2727054.
198
Calculate the highest common divisor of 148260 and 28384377.
7413
Calculate the highest common divisor of 1462 and 37094.
34
Calculate the greatest common factor of 27734 and 78391.
283
Calculate the greatest common factor of 195 and 6718595.
65
Calculate the highest common factor of 20315102 and 102.
34
Calculate the greatest common factor of 6468 and 4352.
4
Calculate the highest common divisor of 874770 and 13715.
65
Calculate the highest common factor of 26360 and 1584895.
3295
What is the greatest common factor of 2145 and 1115070?
165
What is the highest common factor of 9455 and 3732590?
305
What is the greatest common divisor of 120160688 and 116?
116
What is the highest common factor of 150325321 and 114?
19
Calculate the highest common divisor of 644276 and 433481.
1081
Calculate the greatest common divisor of 105776 and 13618.
22
Calculate the greatest common factor of 47584197 and 30402.
5067
Calculate the highest common divisor of 17265442 and 2598.
866
Calculate the greatest common divisor of 7188101 and 14541.
4847
Calculate the greatest common factor of 67808 and 2272.
32
What is the greatest common divisor of 1091872 and 12366?
458
What is the highest common divisor of 15 and 4991685?
15
What is the greatest common divisor of 829445 and 2755?
95
What is the highest common factor of 160114 and 228352?
446
What is the greatest common factor of 135 and 4170105?
45
What is the greatest common divisor of 464 and 40236398?
58
What is the greatest common factor of 310 and 11836730?
310
What is the greatest common divisor of 3688792 and 4880?
488
What is the highest common divisor of 944495062 and 14?
14
What is the highest common divisor of 3116040 and 3450?
690
What is the highest common divisor of 1416 and 49607436?
708
Calculate the highest common divisor of 3689 and 215509.
119
What is the highest common factor of 11424 and 15030176?
3808
Calculate the greatest common divisor of 28343521 and 368.
23
Calculate the highest common divisor of 1160 and 497488910.
290
What is the highest common divisor of 855309 and 1007916?
3549
Calculate the highest common factor of 6786680 and 80.
40
Calculate the highest common factor of 43476047 and 38.
19
What is the greatest common divisor of 880 and 475216?
16
What is the highest common divisor of 345624874 and 4383?
487
Calculate the greatest common factor of 345940259 and 119.
119
What is the greatest common factor of 146624 and 14208782?
4582
What is the highest common factor of 836 and 2814204?
76
What is the greatest common factor of 18 and 341622?
18
Calculate the greatest common factor of 21389 and 31937.
293
Calculate the highest common factor of 42165574 and 22.
22
What is the highest common divisor of 1330395 and 61589?
121
What is the highest common factor of 1836390 and 1278?
6
What is the highest common factor of 1067070 and 1047?
3
Calculate the highest common factor of 834015 and 1680.
105
Calculate the highest common factor of 80837922 and 110.
22
What is the highest common factor of 1381 and 498315897?
1381
What is the highest common divisor of 1646294294 and 701?
701
Calculate the highest common factor of 68600 and 60804296.
2744
Calculate the highest common divisor of 260431 and 38440.
961
What is the highest common factor of 5 and 4711380?
5
What is the highest common factor of 832 and 101691928?
104
Calculate the greatest common divisor of 846 and 174341142.
846
Calculate the highest common divisor of 366 and 25122057.
183
Calculate the greatest common divisor of 101710275 and 30.
15
What is the greatest common factor of 192 and 6308416?
64
What is the greatest common factor of 26508 and 369702?
282
What is the highest common factor of 3798616 and 2856?
136
Calculate the highest common divisor of 266102292 and 12.
12
What is the greatest common divisor of 88521336 and 243?
81
Calculate the highest common divisor of 1228979685 and 45.
15
What is the highest common factor of 20 and 16122710?
10
Calculate the hi